t is j(-4)?
-2
Let k(m) = m**3 + 6*m**2 + 7*m + 6. Let h = -19 + 19. Suppose h = 2*q + f + 8, q + 0*f + 2*f = -1. What is k(q)?
-4
Let d(f) = -3*f - 15. Let o be -5 + 2*1/(-1). Let v(n) = 4*n + 22. Let m(j) = o*d(j) - 5*v(j). Calculate m(0).
-5
Let p(n) be the first derivative of n**2/2 - 2*n + 4. Calculate p(-3).
-5
Let y be (1 - -2)/(2/(-4)). Let x(h) be the second derivative of h**4/12 + 7*h**3/6 + 4*h**2 + 5*h - 1. What is x(y)?
2
Let h(v) = -v**2 + 2*v + 3. Let m(o) = 2*o**2 - 4*o - 6. Let z(b) = -5*h(b) - 3*m(b). Calculate z(-2).
-5
Let q = -3 - -5. Suppose -s = q*s. Let h(a) = -a**3 - a. Let c(x) = 6*x**3 - x**2 + 6*x - 10. Let p(r) = c(r) + 5*h(r). Determine p(s).
-10
Let q(p) = 2*p + 7. Let x(c) = c - 3. Let b be x(5). Let f be 1/2 - 27/b. Let k = 8 + f. Give q(k).
-3
Let u(v) = 3*v**2 + 4*v + 1. Let j(t) be the second derivative of t**4/12 + t**3/6 + t**2/2 - 3*t. Let n(b) = -4*j(b) + u(b). Give n(3).
-12
Suppose -j = j + 56. Let v = j + 7. Let q be 69/v - (-2)/7. Let t(l) = l**2 + 4*l + 4. What is t(q)?
1
Suppose 4*w + 8 = 6*w. Let h(z) be the first derivative of 1/2*z**2 - 4*z + 2 + 1/4*z**w - 4/3*z**3. Give h(4).
0
Let m(x) = -2*x**3 - 3*x**2 - x + 1. Suppose -3*g - 6 = 2*w, 5*w = 6*w. Give m(g).
7
Let m(i) = -23*i**3 + i. Let z = -73 - -72. Give m(z).
22
Let a(b) be the first derivative of b**2/2 + 11*b - 36. Give a(-9).
2
Let x(f) = f**2 + 8*f + 7. Suppose 2*i + 90 = -3*i. Let u = i + 12. Calculate x(u).
-5
Suppose -38 + 23 = 5*m. Let c(t) = 3*t. Let d(n) = n + 3*n - 10*n + 1 - 7*n. Let q(u) = 9*c(u) + 2*d(u). Give q(m).
-1
Let j(k) = -k**3 + k**2 + k - 2. Let w(a) = 4*a**3 - 2*a**2 + 2*a - 1. Let n be w(1). Suppose -g + n = -2. Suppose 5*c = 3*o, -c + g*o = 3*o. Calculate j(c).
-2
Let d be -5 + 2*(-3)/2. Let u(h) = h**3 + 7*h**2 - 8*h + 8. Give u(d).
8
Suppose 4*t - 2*t = 0. Let r(j) = j**3 + 5*j**2 + 5*j + 9. Let y be r(-4). Suppose -4*q + y*q + 5 = t. Let s(i) = i + 3. Determine s(q).
-2
Let i(t) = -3*t + 1. Suppose 4*f = 5*y + 24, y + 4 + 1 = f. Suppose -5*q + 0*a + 2*a = f, -2*q = 5*a - 17. Let c be (0 - 0 - 1)*q. Determine i(c).
4
Let u(f) = 2*f**3 + 4*f**2 + 7*f - 8. Let v(r) = -r**3 - 4*r**2 - 6*r + 7. Let p(l) = 2*u(l) + 3*v(l). Calculate p(4).
-11
Let m be 47/9 + 1 - (-20)/(-90). Let r(c) = 2*c - 9. Give r(m).
3
Let p(u) be the second derivative of u**3/6 - u**2/2 - u. Let d(m) be the first derivative of -m**2/2 - 2*m - 2. Let c be d(-5). Calculate p(c).
2
Let i(w) = -w**3 - 4*w**2 + 2*w - 5. Let x(j) = -4*j**3. Let y be x(1). Give i(y).
-13
Let i(n) be the third derivative of -n**8/6720 + n**7/5040 + n**5/30 - n**2. Let w(t) be the third derivative of i(t). Determine w(-1).
-4
Let t(q) = -2*q**2 + 1. Suppose 6 - 3 = x. Suppose -20 = -j + 2*d, -3*d = -0*d + x. Suppose 2*s - 11 = 2*y - s, j = -3*y + 5*s. Calculate t(y).
-1
Let l(h) = -4*h - 10. Suppose -16*z + 11*z - 40 = 0. Determine l(z).
22
Suppose b + 10 = 6*b, -2*m + 5*b - 6 = 0. Suppose 0 = -4*s + 4*j, 0 = -3*s - 3*j + 8 - m. Let q(i) = -4*i**2 + 0*i - s - i**3 + 2*i**2 - 2*i. What is q(-2)?
3
Let x be 4/4*1 + -1. Let u(m) be the second derivative of 2/3*m**3 + 4*m - m**2 + x - 1/12*m**4. Give u(3).
1
Let d = 62 + -61. Let z(n) = 4*n**2 - n. Calculate z(d).
3
Let o(q) be the second derivative of -q**3/6 - 2*q**2 + q. Let r = 108 - 108. What is o(r)?
-4
Let f(n) = -2*n**2 - 3*n - 3. Suppose -22 = 3*t - 13. Give f(t).
-12
Let z(j) = 0 + 0*j + 3*j**2 + 2*j + 1. Let w = -25 - -24. Calculate z(w).
2
Let o(p) = p**3 + 4*p**2 - p - 1. Let f(x) = 2*x**3 + 8*x**2 - 2*x - 1. Let d(m) = -m**2 - 5*m + 1. Let l be d(-6). Let i(c) = l*o(c) + 2*f(c). Calculate i(-4).
-1
Let s = 19 + -18. Let p(g) be the first derivative of -1/2*g**2 - 1/4*g**4 + 4*g + 5/3*g**3 + s. Determine p(5).
-1
Let n = -32 - -30. Let k(s) = 2*s + 1. Determine k(n).
-3
Suppose -3*r + 31 = -3*n - n, -3*n = -4*r + 32. Let i be 0*(-2 - -1)/n. Let k(o) = o - 4. Calculate k(i).
-4
Let d(x) = -x**2 + 2*x + 4. Let y(s) = -2*s**2 + 3*s + 9. Let t(b) = -13*d(b) + 6*y(b). Calculate t(8).
2
Let q(n) = -6*n + 1. Let t = -1 + -5. Let h = t + 4. Let g = 3 + h. Determine q(g).
-5
Let x(r) = 15*r - 35*r + 15*r - r**2 - 2. Give x(-3).
4
Let v(c) be the second derivative of -c**4/12 - c**3/3 + 6*c. Determine v(2).
-8
Let g(r) = 192*r**3 + 3*r**2 + 1 - 4*r**2 - 197*r**3. Determine g(1).
-5
Let w(d) = d - 6*d**2 + 0*d - d**3 + 10 - 2. Let f be w(-6). Let j(k) = -k**2 - 3*k - 5. Let r(s) = -s**2 - 4*s - 6. Let n(b) = 4*j(b) - 3*r(b). Calculate n(f).
-6
Let x(k) = -3*k + 6 - 77*k**2 + 78*k**2 - 3*k. Give x(4).
-2
Let u(a) = 6. Let j(l) = 2*l + 11 + 0*l - l + 0*l. Let o(b) = -3*j(b) + 5*u(b). What is o(-3)?
6
Let s(w) = 1. Let o(c) = -3*c - 6. Let f(u) = -o(u) - 5*s(u). Let d be (-2)/6 + (-7)/(-3). Suppose -d = k + k. Calculate f(k).
-2
Suppose m - p - 3 = 0, -m + 2*p + 3*p = -3. Let b(j) = -4*j - 4*j + 1 + 6*j. What is b(m)?
-5
Let a(s) = s + 9. Let j(d) = -2*d - 29. Let r(y) = y + 14. Let m(b) = -6*j(b) - 13*r(b). Let x(c) = -5*a(c) - 6*m(c). Calculate x(-6).
-3
Let b be (-17)/(-5) + 3/5. Suppose b + 4 = 2*v. Let w(t) be the second derivative of t**5/20 - t**4/4 - t**3/2 + 3*t**2/2 - 2*t. Determine w(v).
7
Suppose -6*q - 2 = -4*q. Let a(y) = -2*y - 1. Calculate a(q).
1
Let p(y) be the second derivative of 7*y**5/20 - y**4/3 + y**3 + 3*y**2 + 5*y. Let n(v) = -v**3 - v - 1. Let w(c) = -6*n(c) - p(c). Determine w(4).
0
Let l be ((-6)/(-15))/(2/(-20)*2). Let v(a) = a**3 + 3*a**2 + 3*a. Give v(l).
-2
Let p(g) = -g**2 - 9*g. Let t(a) = 2*a**2 + 19*a + 1. Let b(z) = 9*p(z) + 4*t(z). Let q be (-4)/(-3 - -1) + -6. Give b(q).
8
Suppose 4*s - 10 = -g, 0 = s - 5*g - 5 - 8. Let i(t) be the third derivative of -1/20*t**5 + 0*t + 1/8*t**4 - 1/120*t**6 + 0 - 2*t**2 - 1/2*t**s. What is i(-4)?
1
Let v(b) = b**3 - 2*b**2 - b + 4. Let u(g) = g**2 + 7*g - 5. Let t be u(-8). Calculate v(t).
10
Let v(i) = -i + 1. Let z be (-38)/5 + 6/10. What is v(z)?
8
Suppose -m + 4*m = 0. Let l be -1*(-2 - 2) + m. Let a(p) = 2*p. Give a(l).
8
Let u(o) be the third derivative of -3*o**2 + 0*o + 1/24*o**4 + 0 - 1/40*o**6 + 0*o**3 - 1/30*o**5. Determine u(1).
-4
Let t(n) be the third derivative of n**6/120 - n**5/10 - 7*n**4/24 + n**3/3 + n**2. Let v be t(7). Let w(o) = -v*o + 3 + 4 - 5. What is w(5)?
-8
Let h(b) = -2*b**2 + 6*b - 1. Let a be 4/(((-9)/18)/((-1)/2)). Determine h(a).
-9
Let o(l) = 3*l - 2*l - 4*l**2 + 2*l**2 - 11*l - 15. Let m(g) = 3*g**2 + 15*g + 22. Let b(w) = -5*m(w) - 7*o(w). Let d = 9 + -13. Give b(d).
-1
Suppose -2*t + 12 = -10. Let h = -6 + t. Let j(n) = -n**3 + 4*n**2 + 2*n + 4. Determine j(h).
-11
Let g(u) be the first derivative of -2/3*u**3 + 0*u**2 + 1/40*u**5 + 0*u + 3 + 0*u**4. Let y(l) be the third derivative of g(l). Give y(3).
9
Let p(a) be the third derivative of a**4/24 - a**3/6 - 6*a**2. Let m(z) = z - 2. Let d(r) = -m(r) + 2*p(r). Determine d(-4).
-4
Let s(h) = 5 - h**3 + 3*h**2 + 4 - 3 + 17*h - 11*h. What is s(5)?
-14
Let o(g) = -g**2 + g - 6. Let l(a) = 2*a + 6. Let b(t) = t**3 + 3*t**2 - 4. Let n be b(-3). Let p be l(n). Let d be 1 + p/(-4)*-2. What is o(d)?
-6
Let p(g) = -g - 6. Let c = 50 - 61. Calculate p(c).
5
Let k(n) = -n**3 + 4*n**2 - 2*n + 4. Let g be (12/(-8))/((-3)/8). Let f(t) = t**3 - 4*t**2 + t - 3. Let a be f(g). Let j(s) = 4*s. Let h be j(a). Give k(h).
-4
Let w = 5 + -8. Let q(g) be the first derivative of -g**6/360 + g**5/120 + g**4/12 + g**3/3 - 2. Let x(j) be the third derivative of q(j). Calculate x(w).
-10
Let g(d) = -d**2 - d**3 + 0 - 12*d + 11*d + 5*d**2 + 1. Let t = -26 + 12. Let y = -10 - t. Give g(y).
-3
Let j(o) = -o**3 + 5*o + 2 - 5*o**2 + 12*o**2 - 3 + 3*o. What is j(8)?
-1
Let a = -2 - -2. Let y(m) = -178*m - 178*m - 173*m + 530*m + 6. Calculate y(a).
6
Let c(g) = 3*g**3 + 8*g**2 - 23*g - 23. Let o(b) = b**3 + 3*b**2 - 8*b - 8. Let p(a) = 6*c(a) - 17*o(a). Determine p(4).
6
Let o(x) = -6*x + 1. Let d(j) = -j + 2. Let r(a) = -5*a + 9. Let u(s) = 9*d(s) - 2*r(s). Let p(g) = -o(g) + 5*u(g). What is p(1)?
10
Let g(d) = -d - 4. Suppose -3*m + 10 = 1. What is g(m)?
-7
Let k(d) = -12*d + 3 + 32*d - 15*d + 3*d**2 + 0*d**2. What is k(-3)?
15
Let g = 8 - 5. Let j = g + 0. Let q(d) = 2*d**2 - 4*d - 9. Let t(i) = -i**2 + 2*i + 5. Let m(w) = -6*q(w) - 11*t(w). Give m(j).
-4
Let j(v) be the second derivative